en u is divided by 15?
13
Suppose -7*u + 9*u + 36 = 0. What is the remainder when 63 is divided by 14/1 + u/(-9)?
15
Let c(r) = -r**3 + 8*r**2 - r + 6. Let d be c(6). Suppose 3*u - d = u. What is the remainder when 8/(-12)*u/(-1) is divided by 13?
11
Suppose 2*y - 35 = y - 5*q, 0 = 5*y + 2*q - 60. Suppose 5*b - 190 = -55. Calculate the remainder when b is divided by y.
7
Let l = 3 + -32. Let d be (4 - 3)*-1*l. Let k = d - 18. Calculate the remainder when 31 is divided by k.
9
Let s(i) = i**2 - 10*i - 14. Let d be s(11). Let j(p) = -44*p - 2. What is the remainder when j(d) is divided by 33?
31
Suppose 8*w - 6*w = 58. What is the remainder when w is divided by 16?
13
Let o be (-9)/(-3) + (0 - 1). Let s = 3 + o. Let j = -2 + s. Calculate the remainder when 7 is divided by j.
1
Let k = 97 + -66. Calculate the remainder when k is divided by 17.
14
Calculate the remainder when 27 is divided by 201/12 + ((-33)/12 - -3).
10
Let l(b) = b + 5 + 3*b - 4. What is the remainder when 24 is divided by l(2)?
6
Let n = 74 - 16. What is the remainder when n is divided by 16/(-14)*70/(-4)?
18
Calculate the remainder when (40/18 - 2) + (-338)/(-18) is divided by 8.
3
Suppose 2*v + 320 = 5*g - 2*v, 2*v = 0. What is the remainder when g is divided by 11?
9
Calculate the remainder when 6/(-3) - 134/(-2) is divided by 22.
21
Suppose -8*a + 11*a = 54. Calculate the remainder when 51 is divided by a.
15
Let d = -195 - -304. What is the remainder when d is divided by 28?
25
Let g(p) be the second derivative of p**4/12 - 7*p**3/6 - 3*p**2/2 + 2*p. Let f be g(9). Suppose -4*a - a + f = 0. What is the remainder when 8 is divided by a?
2
Suppose -2*a - a = 0. Suppose -6*j + 4*j + 12 = a. Calculate the remainder when 15 is divided by j.
3
Suppose 0*v = -5*v + 145. What is the remainder when v is divided by 16?
13
Let u(m) = -m**2 - 12*m - 7. Let r be u(-9). Suppose 5*o = 20 + r. Suppose -2*t + 15 = -3*i + 95, 3*i = -t + 95. Calculate the remainder when i is divided by o.
6
Suppose 9 = -2*j + 5*u, -6*j + j + 55 = 3*u. Suppose 3*y - 7*y + j = 0. What is the remainder when 10/6 - 1/(-3) is divided by y?
0
Let a(b) = -18*b - 1. Let p(m) = -m**2 + 8*m - 9. Let d be p(7). Let q be a(d). Suppose 0*v = -v + q. What is the remainder when v is divided by 18?
17
Suppose 10 = -3*k + 4*k. Calculate the remainder when 39 is divided by k.
9
Let w(i) = -i**3 - 6*i**2 - 3*i + 4. Let j = -13 + 9. Let p be w(j). Let u = 4 - p. Calculate the remainder when u is divided by 7.
6
Let v = 434 - 270. Calculate the remainder when v is divided by 55.
54
Suppose -3*u - u + 192 = 0. What is the remainder when u is divided by 27?
21
Calculate the remainder when ((-253)/33)/((-1)/3) is divided by 6.
5
Let a = 1 - -10. What is the remainder when 42 is divided by a?
9
Suppose 3*s - 15 = -0*s. Let b(f) = -f**3 + 5*f**2 + 2*f - 4. What is the remainder when 16 is divided by b(s)?
4
Calculate the remainder when 5 is divided by 4 - 2 - (5 - (6 + -1)).
1
Let h(p) = p**3 - 3*p**2 - 5*p - 6. Let b(k) = -k**3 - k + 1. Calculate the remainder when h(5) is divided by b(-2).
8
Suppose 2*g = -0*g + 32. Let v(c) = c - 13. Let u be v(13). Suppose f + 0 - 1 = u, -183 = -4*x + f. What is the remainder when x is divided by g?
14
Let k(b) = b**3 + 8*b**2 + 4*b - 10. Suppose -r - 28 = 3*r. Calculate the remainder when 31 is divided by k(r).
9
Calculate the remainder when 35 is divided by ((-1)/3)/((-9)/(-27))*-19.
16
Let p = -24 + 49. What is the remainder when p is divided by 7?
4
Suppose 4*y - 76 = -4*r, r - 2*y + 6 - 19 = 0. Calculate the remainder when 66 is divided by r.
15
Suppose 3*d - 157 = 2*t, 4*d + 3*t - 8*t - 221 = 0. Calculate the remainder when d is divided by 17.
15
Suppose 2*x - 5*n + 10*n - 92 = 0, 0 = 3*n + 6. Let f(l) = -l**3 + l**2 - 2*l + 13. What is the remainder when x is divided by f(0)?
12
Suppose 4*z - 9*z = -225. What is the remainder when z is divided by 16?
13
Let h(i) = -2*i**2 - 27*i + 14. Let f(g) = g**2 + 13*g - 7. Let r(x) = -13*f(x) - 6*h(x). Let c = 1 - -6. What is the remainder when r(-6) is divided by c?
6
Calculate the remainder when 13 is divided by 2/7 + 66/14.
3
What is the remainder when 6 is divided by 1*(4/(-12) - 0)*-9?
0
Suppose -3*t + 33 + 6 = 0. What is the remainder when t is divided by (14/4*-2)/(-1)?
6
Suppose 0 = -5*n + 15, -280 = -5*m + 8*n - 3*n. What is the remainder when 235 is divided by m?
58
Let u(h) be the third derivative of -h**4/12 - h**3/3 - 2*h**2. Calculate the remainder when u(-3) is divided by 3.
1
Suppose 34 + 1 = 5*g. Let i = g + 6. What is the remainder when 37 is divided by i?
11
Let g(a) = -a + 4. Calculate the remainder when ((-48)/(-40))/((-6)/(-105)) is divided by g(-7).
10
Let q = 55 + 16. Calculate the remainder when q is divided by 24.
23
Let s(r) = 0*r - 3*r + 4*r - 2. Let x be s(5). Suppose 5*v = k - 1, 0*v + 4*v - 60 = -x*k. Calculate the remainder when 46 is divided by k.
14
Let y(m) = -11*m - 1. Suppose -j + 580 = 4*j. Suppose l - j = -3*l. Calculate the remainder when l is divided by y(-1).
9
Let v(x) = 16*x**2 - 4*x. What is the remainder when v(-3) is divided by 23?
18
Suppose 0*p + 7*p - 84 = 0. Suppose -f - f - 4 = -2*l, 0 = l + 4*f - 27. Calculate the remainder when p is divided by l.
5
Suppose -146 = -2*y + 3*x, 3*y + 3*x = 5*x + 209. What is the remainder when y is divided by 30?
7
Let i be (-1 + 1)/(-6 - -3). Suppose -3*a + 3*r = -0*r - 42, i = -4*a - r + 71. Calculate the remainder when 32 is divided by a.
15
Suppose -4*g - 3*b + 197 = 0, -8*b + 4*b = 4. Calculate the remainder when g is divided by 13.
11
Suppose -3*b + 0*b = -216. Suppose b = 5*q + 537. Calculate the remainder when 37 is divided by q/(-7) - (-6)/(-21).
11
Let s(q) = -q. Let t(a) = -20*a - 4. Let h(p) = -3*s(p) + t(p). Calculate the remainder when h(-3) is divided by 16.
15
Calculate the remainder when 4/(-10) - 6310/(-25) is divided by 32.
28
Suppose -2*w + 40 = 3*q + 3*w, -3*q = -5*w - 20. What is the remainder when 28 is divided by q?
8
Suppose 0 = -3*i + 3*h + 3, 5*h - 29 = -3*i + 6. Let y(u) = -u**3 + 3*u**2 - u. Let k be y(1). What is the remainder when 19*((-5)/k)/(-5) is divided by i?
4
Let b = 3 - 2. Suppose -5*q + 5 = f, q + 0 = b. Suppose f = -2*n - 5*w + 28, -2*n = -w + 5*w - 26. What is the remainder when n is divided by 3?
0
Let v(q) = -q**3 - 5*q**2 - 3*q - 3. Let b(f) = -2*f + 7. Let p be b(6). Calculate the remainder when 23 is divided by v(p).
11
Suppose 60 = 2*v + 2*v. Calculate the remainder when 58 is divided by v.
13
Suppose 1 = 5*u + 11. Let q be u/(-6)*0 - 20. Let y = -11 - q. What is the remainder when 25 is divided by y?
7
Let l be (-6)/5*25/(-10). Let j be (2 - l) + (-6 - -3). Calculate the remainder when 2/j*(-1 - 85) is divided by 15.
13
Suppose -31*i + 260 = -27*i. What is the remainder when i is divided by 14?
9
Suppose -2*s - 92 = -4*k, 51 = 2*s + 5*k + 170. Let v = -30 - s. Let a = -44 - -108. What is the remainder when a is divided by v?
20
Suppose 24 - 2 = 2*m. What is the remainder when 19 is divided by m?
8
Calculate the remainder when 44 + -2 - (-10 - -9) is divided by 22.
21
Let k(u) = -12*u - 9. Calculate the remainder when k(-5) is divided by 14.
9
Suppose -5*s = -3*w + 7*w - 32, 4*w = -4*s + 28. Suppose f + w*f - 92 = 0. Calculate the remainder when 67 is divided by f.
21
Let i = 10 + -16. Let n = -12 - i. Let l = n - -28. Calculate the remainder when l is divided by 12.
10
Suppose 292 = 4*t - g, -t - 5*g = 2*t - 219. What is the remainder when t is divided by 27?
19
Suppose -138 = -5*l + 2*l. Suppose 79 = 5*v - l. Calculate the remainder when v is divided by 14.
11
Let k(o) = -o**3 + 9*o**2 - 8*o + 3. Let j be k(8). Suppose j*p = 8 + 10. What is the remainder when 4 is divided by 9/2*4/p?
1
Suppose 3*g = -1 + 49. Let t be 50/(-8) - (-4)/g. What is the remainder when 20/((-1)/t*4) is divided by 8?
6
Let t = -4 + 8. Suppose -4*g + 5*g = 35. Suppose -4*u = -b + g, 0 = 3*b - u - u - 55. Calculate the remainder when b is divided by t.
3
Let c be ((-2)/(-2))/((-4)/(-12)). Suppose 2*z = 4*x + 30, 2*z + c*x + x = 22. What is the remainder when 25 is divided by z?
12
Let p(j) = j**2 + 10*j + 3. Let w be p(-10). Suppose 2*f - 2*d + 2 = 0, -4*f + w*f - d = -9. What is the remainder when f is divided by 2?
0
Let h(a) = 3*a**3 - a